{"id":300,"date":"2023-04-25T18:14:14","date_gmt":"2023-04-25T16:14:14","guid":{"rendered":"https:\/\/pogrzebytuchola.pl\/?page_id=300"},"modified":"2023-04-25T18:25:27","modified_gmt":"2023-04-25T16:25:27","slug":"poradnik","status":"publish","type":"page","link":"https:\/\/pogrzebytuchola.pl\/index.php\/poradnik\/","title":{"rendered":"Poradnik"},"content":{"rendered":"\t\t<div data-elementor-type=\"wp-post\" data-elementor-id=\"300\" class=\"elementor elementor-300\">\n\t\t\t\t\t\t<div class=\"elementor-inner\">\n\t\t\t\t<div class=\"elementor-section-wrap\">\n\t\t\t\t\t\t\t\t\t<section class=\"elementor-section elementor-top-section elementor-element elementor-element-afc8df1 elementor-section-boxed elementor-section-height-default elementor-section-height-default\" data-id=\"afc8df1\" data-element_type=\"section\">\n\t\t\t\t\t\t<div class=\"elementor-container elementor-column-gap-default\">\n\t\t\t\t\t\t\t<div class=\"elementor-row\">\n\t\t\t\t\t<div class=\"aux-parallax-section elementor-column elementor-col-100 elementor-top-column elementor-element elementor-element-4cdc67f\" data-id=\"4cdc67f\" data-element_type=\"column\">\n\t\t\t<div class=\"elementor-column-wrap elementor-element-populated\">\n\t\t\t\t\t\t\t<div class=\"elementor-widget-wrap\">\n\t\t\t\t\t\t<div class=\"elementor-element elementor-element-fec09e8 aux-appear-watch-animation aux-fade-in-up elementor-widget elementor-widget-aux_modern_heading\" data-id=\"fec09e8\" data-element_type=\"widget\" data-widget_type=\"aux_modern_heading.default\">\n\t\t\t\t<div class=\"elementor-widget-container\">\n\t\t\t<section class=\"aux-widget-modern-heading\">\n            <div class=\"aux-widget-inner\"><h2 class=\"aux-modern-heading-primary\">Poradnik <b>w przypadku \u015bmierci bliskiego <\/b><\/h2><div class=\"aux-modern-heading-divider\"><\/div><\/div>\n        <\/section>\t\t<\/div>\n\t\t\t\t<\/div>\n\t\t\t\t\t\t<\/div>\n\t\t\t\t\t<\/div>\n\t\t<\/div>\n\t\t\t\t\t\t\t\t<\/div>\n\t\t\t\t\t<\/div>\n\t\t<\/section>\n\t\t\t\t<section class=\"elementor-section elementor-top-section elementor-element elementor-element-9fe1bcf elementor-section-boxed elementor-section-height-default elementor-section-height-default\" data-id=\"9fe1bcf\" data-element_type=\"section\">\n\t\t\t\t\t\t<div class=\"elementor-container elementor-column-gap-default\">\n\t\t\t\t\t\t\t<div class=\"elementor-row\">\n\t\t\t\t\t<div class=\"aux-parallax-section elementor-column elementor-col-100 elementor-top-column elementor-element elementor-element-6a9d07c\" data-id=\"6a9d07c\" data-element_type=\"column\">\n\t\t\t<div class=\"elementor-column-wrap elementor-element-populated\">\n\t\t\t\t\t\t\t<div class=\"elementor-widget-wrap\">\n\t\t\t\t\t\t<section class=\"elementor-section elementor-inner-section elementor-element elementor-element-5c9e3cb elementor-section-boxed elementor-section-height-default elementor-section-height-default\" data-id=\"5c9e3cb\" data-element_type=\"section\">\n\t\t\t\t\t\t<div class=\"elementor-container elementor-column-gap-default\">\n\t\t\t\t\t\t\t<div class=\"elementor-row\">\n\t\t\t\t\t<div class=\"aux-parallax-section elementor-column elementor-col-100 elementor-inner-column elementor-element elementor-element-9c0fbc7 aux-appear-watch-animation aux-scale-up\" data-id=\"9c0fbc7\" data-element_type=\"column\">\n\t\t\t<div class=\"elementor-column-wrap elementor-element-populated\">\n\t\t\t\t\t\t\t<div class=\"elementor-widget-wrap\">\n\t\t\t\t\t\t<div class=\"elementor-element elementor-element-5f04a56 elementor-widget elementor-widget-aux_modern_heading\" data-id=\"5f04a56\" data-element_type=\"widget\" data-widget_type=\"aux_modern_heading.default\">\n\t\t\t\t<div class=\"elementor-widget-container\">\n\t\t\t<section class=\"aux-widget-modern-heading\">\n            <div class=\"aux-widget-inner\"><h2 class=\"aux-modern-heading-primary\"><\/h2><h3 class=\"aux-modern-heading-secondary\"><span class=\"aux-head-before\">GDY ZGON NAST\u0104PI\u0141 W DOMU<\/span><\/h3><div class=\"aux-modern-heading-description\"><p>Nale\u017cy niezw\u0142ocznie powiadomi\u0107 lekarza rodzinnego. Lekarz, po ogl\u0119dzinach osoby zmar\u0142ej wydaje kart\u0119 zgonu. W przypadku \u015bmierci w niedziel\u0119, \u015bwi\u0119ta lub w godzinach nocnych, nale\u017cy powiadomi\u0107 lekarza Nocnej Pomocy Lekarskiej lub pogotowia pod numerami 999 ewentualnie 112 (z telefonu kom\u00f3rkowego).<\/p><p>Po wizycie lekarza nast\u0119pn\u0105 czynno\u015bci\u0105 jest zawiadomienie wybranego przez rodzin\u0119 zak\u0142adu pogrzebowego, kt\u00f3ry przewiezie osob\u0119 zmar\u0142\u0105 do ch\u0142odni, w kt\u00f3rej oczekiwa\u0107 b\u0119dzie na ceremoni\u0119 pogrzebow\u0105.<\/p><\/div><\/div>\n        <\/section>\t\t<\/div>\n\t\t\t\t<\/div>\n\t\t\t\t<div class=\"elementor-element elementor-element-99be739 elementor-widget elementor-widget-aux_modern_heading\" data-id=\"99be739\" data-element_type=\"widget\" data-widget_type=\"aux_modern_heading.default\">\n\t\t\t\t<div class=\"elementor-widget-container\">\n\t\t\t<section class=\"aux-widget-modern-heading\">\n            <div class=\"aux-widget-inner\"><h2 class=\"aux-modern-heading-primary\"><\/h2><h3 class=\"aux-modern-heading-secondary\"><span class=\"aux-head-before\">GDY ZGON NAST\u0104PI\u0141 W SZPITALU<\/span><\/h3><div class=\"aux-modern-heading-description\"><p>Karta zgonu wype\u0142niana jest przez lekarza, kt\u00f3ry opiekowa\u0142 si\u0119 osob\u0105 zmar\u0142\u0105. Rodzina musi wtedy zawiadomi\u0107 wybrany zak\u0142ad pogrzebowy, kt\u00f3ry przewiezie cia\u0142o do miejsca, w kt\u00f3rym oczekiwa\u0107 b\u0119dzie na ceremoni\u0119 pogrzebow\u0105. W przypadku indywidualnych \u017cycze\u0144 klient\u00f3w, osoby uprawnione mog\u0105 przygotowa\u0107 zw\u0142oki do ceremonii (mycie, zabiegi utrwalaj\u0105ce, makija\u017c, ubranie).<\/p><\/div><\/div>\n        <\/section>\t\t<\/div>\n\t\t\t\t<\/div>\n\t\t\t\t\t\t<\/div>\n\t\t\t\t\t<\/div>\n\t\t<\/div>\n\t\t\t\t\t\t\t\t<\/div>\n\t\t\t\t\t<\/div>\n\t\t<\/section>\n\t\t\t\t\t\t<\/div>\n\t\t\t\t\t<\/div>\n\t\t<\/div>\n\t\t\t\t\t\t\t\t<\/div>\n\t\t\t\t\t<\/div>\n\t\t<\/section>\n\t\t\t\t<section class=\"elementor-section elementor-top-section elementor-element elementor-element-7a2a126 elementor-section-content-middle elementor-section-boxed elementor-section-height-default elementor-section-height-default\" data-id=\"7a2a126\" data-element_type=\"section\">\n\t\t\t\t\t\t<div class=\"elementor-container elementor-column-gap-no\">\n\t\t\t\t\t\t\t<div class=\"elementor-row\">\n\t\t\t\t\t<div class=\"aux-parallax-section elementor-column elementor-col-50 elementor-top-column elementor-element elementor-element-375384e\" data-id=\"375384e\" data-element_type=\"column\">\n\t\t\t<div class=\"elementor-column-wrap elementor-element-populated\">\n\t\t\t\t\t\t\t<div class=\"elementor-widget-wrap\">\n\t\t\t\t\t\t<div class=\"elementor-element elementor-element-c917843 elementor-widget elementor-widget-aux_image\" data-id=\"c917843\" data-element_type=\"widget\" data-widget_type=\"aux_image.default\">\n\t\t\t\t<div class=\"elementor-widget-container\">\n\t\t\t<section class=\"widget-container aux-widget-image aux-alignnone aux-parent-au7b74e177\">\n    <div class=\"aux-media-hint-frame \">\n        <div class=\"aux-media-image \" >\n        \n            \n\n            \n            <img loading=\"lazy\" decoding=\"async\" width=\"1024\" height=\"960\" src=\"image\/gif;base64,R0lGODlhAQABAIAAAAAAAP\/\/\/yH5BAEAAAAALAAAAAABAAEAAAIBRAA7\" class=\"aux-attachment aux-featured-image aux-attachment-id-147 aux-preload aux-blank\" alt=\"DCIM100MEDIADJI_0032.JPG\" data-ratio=\"1\" data-original-w=\"1810\" sizes=\"auto\" data-srcset=\"https:\/\/pogrzebytuchola.pl\/wp-content\/uploads\/2023\/03\/314381013_436292438673646_7866063193964537503_n-150x150.jpg 150w,https:\/\/pogrzebytuchola.pl\/wp-content\/uploads\/2023\/03\/314381013_436292438673646_7866063193964537503_n-300x300.jpg 300w,https:\/\/pogrzebytuchola.pl\/wp-content\/uploads\/2023\/03\/314381013_436292438673646_7866063193964537503_n-768x768.jpg 768w,https:\/\/pogrzebytuchola.pl\/wp-content\/uploads\/2023\/03\/314381013_436292438673646_7866063193964537503_n-1024x960.jpg 1024w,https:\/\/pogrzebytuchola.pl\/wp-content\/uploads\/2023\/03\/314381013_436292438673646_7866063193964537503_n.jpg 1024w\" data-src=\"https:\/\/pogrzebytuchola.pl\/wp-content\/uploads\/2023\/03\/314381013_436292438673646_7866063193964537503_n.jpg\" \/>            \n                <\/div>\n    <\/div>\n\n<\/section><!-- widget-container -->\t\t<\/div>\n\t\t\t\t<\/div>\n\t\t\t\t\t\t<\/div>\n\t\t\t\t\t<\/div>\n\t\t<\/div>\n\t\t\t\t<div class=\"aux-parallax-section elementor-column elementor-col-50 elementor-top-column elementor-element elementor-element-21abc12\" data-id=\"21abc12\" data-element_type=\"column\" data-settings=\"{&quot;background_background&quot;:&quot;classic&quot;}\">\n\t\t\t<div class=\"elementor-column-wrap elementor-element-populated\">\n\t\t\t\t\t\t\t<div class=\"elementor-widget-wrap\">\n\t\t\t\t\t\t<div class=\"elementor-element elementor-element-fa843d0 aux-appear-watch-animation aux-fade-in-right elementor-widget elementor-widget-aux_modern_heading\" data-id=\"fa843d0\" data-element_type=\"widget\" data-widget_type=\"aux_modern_heading.default\">\n\t\t\t\t<div class=\"elementor-widget-container\">\n\t\t\t<section class=\"aux-widget-modern-heading\">\n            <div class=\"aux-widget-inner\"><h2 class=\"aux-modern-heading-primary\">DOKUMENTY NIEZB\u0118DNE PRZY ZA\u0141ATWIANIU POGRZEBU  <b>W ZAK\u0141ADZIE POGRZEBOWYM<\/b><\/h2><div class=\"aux-modern-heading-divider\"><\/div><div class=\"aux-modern-heading-description\"><ul><li>KARTA ZGONU WYPISANA PRZEZ LEKARZA<\/li><li>AKT ZGONU<\/li><li>DOW\u00d3D OSOBISTY OSOBY ZMAR\u0141EJ I OSOBY ZA\u0141ATWIAJ\u0104CEJ<\/li><li>AKT URODZENIA LUB AKT MA\u0141\u017bE\u0143STWA OSOBY ZA\u0141ATWIAJ\u0104CEJ FORMALNO\u015aCI ZAWIERAJ\u0104CYM NOSZONE NAZWISKO I POTWIERDZAJ\u0104CYM POKREWIE\u0143STWO DO OSOBY ZMAR\u0141EJ<\/li><li>OSTATNI ODCINEK EMERYTURY LUB RENTY \/ LEGITYMACJA EMERYTA RENCISTY<\/li><li>DOKUMENTY GROBU W KT\u00d3RYM PLANOWANE JEST POCHOWANIE OSOBY<\/li><\/ul><\/div><\/div>\n        <\/section>\t\t<\/div>\n\t\t\t\t<\/div>\n\t\t\t\t\t\t<\/div>\n\t\t\t\t\t<\/div>\n\t\t<\/div>\n\t\t\t\t\t\t\t\t<\/div>\n\t\t\t\t\t<\/div>\n\t\t<\/section>\n\t\t\t\t<section class=\"elementor-section elementor-top-section elementor-element elementor-element-20d9928 elementor-section-boxed elementor-section-height-default elementor-section-height-default\" data-id=\"20d9928\" data-element_type=\"section\">\n\t\t\t\t\t\t<div class=\"elementor-container elementor-column-gap-default\">\n\t\t\t\t\t\t\t<div class=\"elementor-row\">\n\t\t\t\t\t<div class=\"aux-parallax-section elementor-column elementor-col-100 elementor-top-column elementor-element elementor-element-87422f2\" data-id=\"87422f2\" data-element_type=\"column\">\n\t\t\t<div class=\"elementor-column-wrap elementor-element-populated\">\n\t\t\t\t\t\t\t<div class=\"elementor-widget-wrap\">\n\t\t\t\t\t\t<div class=\"elementor-element elementor-element-24efa03 elementor-widget-divider--view-line elementor-widget elementor-widget-divider\" data-id=\"24efa03\" data-element_type=\"widget\" data-widget_type=\"divider.default\">\n\t\t\t\t<div class=\"elementor-widget-container\">\n\t\t\t\t\t<div class=\"elementor-divider\">\n\t\t\t<span class=\"elementor-divider-separator\">\n\t\t\t\t\t\t<\/span>\n\t\t<\/div>\n\t\t\t\t<\/div>\n\t\t\t\t<\/div>\n\t\t\t\t\t\t<\/div>\n\t\t\t\t\t<\/div>\n\t\t<\/div>\n\t\t\t\t\t\t\t\t<\/div>\n\t\t\t\t\t<\/div>\n\t\t<\/section>\n\t\t\t\t<section class=\"elementor-section elementor-top-section elementor-element elementor-element-cd1b91f elementor-section-boxed elementor-section-height-default elementor-section-height-default\" data-id=\"cd1b91f\" data-element_type=\"section\">\n\t\t\t\t\t\t<div class=\"elementor-container elementor-column-gap-default\">\n\t\t\t\t\t\t\t<div class=\"elementor-row\">\n\t\t\t\t\t<div class=\"aux-parallax-section elementor-column elementor-col-100 elementor-top-column elementor-element elementor-element-261c650\" data-id=\"261c650\" data-element_type=\"column\">\n\t\t\t<div class=\"elementor-column-wrap elementor-element-populated\">\n\t\t\t\t\t\t\t<div class=\"elementor-widget-wrap\">\n\t\t\t\t\t\t<div class=\"elementor-element elementor-element-5b94200 aux-appear-watch-animation aux-fade-in-up elementor-widget elementor-widget-aux_modern_heading\" data-id=\"5b94200\" data-element_type=\"widget\" data-widget_type=\"aux_modern_heading.default\">\n\t\t\t\t<div class=\"elementor-widget-container\">\n\t\t\t<section class=\"aux-widget-modern-heading\">\n            <div class=\"aux-widget-inner\"><h2 class=\"aux-modern-heading-primary\">Formalno\u015bci <b>pogrzebowe<\/b><\/h2><div class=\"aux-modern-heading-divider\"><\/div><div class=\"aux-modern-heading-description\"><p>Je\u017celi do organizacji pogrzebu wybior\u0105 Pa\u0144stwo nasz zak\u0142ad pogrzebowy, gwarantujemy, \u017ce zajmiemy si\u0119 za\u0142atwieniem wszystkich k\u0142opotliwych spraw urz\u0119dowych. W takim przypadku nale\u017cy niezw\u0142ocznie zg\u0142osi\u0107 si\u0119 do naszego zak\u0142adu ze wszystkimi niezb\u0119dnymi dokumentami. Na spotkaniu zostan\u0105 om\u00f3wione szczeg\u00f3\u0142y zwi\u0105zane z formalno\u015bciami oraz sam\u0105 ceremoni\u0105 pogrzebow\u0105.<\/p><\/div><\/div>\n        <\/section>\t\t<\/div>\n\t\t\t\t<\/div>\n\t\t\t\t<div class=\"elementor-element elementor-element-c4dfaaa aux-appear-watch-animation aux-fade-in-up elementor-widget elementor-widget-aux_modern_heading\" data-id=\"c4dfaaa\" data-element_type=\"widget\" data-widget_type=\"aux_modern_heading.default\">\n\t\t\t\t<div class=\"elementor-widget-container\">\n\t\t\t<section class=\"aux-widget-modern-heading\">\n            <div class=\"aux-widget-inner\"><h2 class=\"aux-modern-heading-primary\"><b>Obja\u015bnienia<\/b><\/h2><div class=\"aux-modern-heading-divider\"><\/div><\/div>\n        <\/section>\t\t<\/div>\n\t\t\t\t<\/div>\n\t\t\t\t<section class=\"elementor-section elementor-inner-section elementor-element elementor-element-8cdf018 elementor-section-boxed elementor-section-height-default elementor-section-height-default\" data-id=\"8cdf018\" data-element_type=\"section\">\n\t\t\t\t\t\t<div class=\"elementor-container elementor-column-gap-default\">\n\t\t\t\t\t\t\t<div class=\"elementor-row\">\n\t\t\t\t\t<div class=\"aux-parallax-section elementor-column elementor-col-50 elementor-inner-column elementor-element elementor-element-2c6ce61 aux-appear-watch-animation aux-fade-in-right-1\" data-id=\"2c6ce61\" data-element_type=\"column\">\n\t\t\t<div class=\"elementor-column-wrap elementor-element-populated\">\n\t\t\t\t\t\t\t<div class=\"elementor-widget-wrap\">\n\t\t\t\t\t\t<div class=\"elementor-element elementor-element-f80e367 elementor-position-left elementor-vertical-align-top elementor-widget elementor-widget-image-box\" data-id=\"f80e367\" data-element_type=\"widget\" data-widget_type=\"image-box.default\">\n\t\t\t\t<div class=\"elementor-widget-container\">\n\t\t\t<div class=\"elementor-image-box-wrapper\"><div class=\"elementor-image-box-content\"><h3 class=\"elementor-image-box-title\">Akt zgonu<\/h3><\/div><\/div>\t\t<\/div>\n\t\t\t\t<\/div>\n\t\t\t\t<div class=\"elementor-element elementor-element-7d162cb elementor-widget elementor-widget-aux_modern_heading\" data-id=\"7d162cb\" data-element_type=\"widget\" data-widget_type=\"aux_modern_heading.default\">\n\t\t\t\t<div class=\"elementor-widget-container\">\n\t\t\t<section class=\"aux-widget-modern-heading\">\n            <div class=\"aux-widget-inner\"><h2 class=\"aux-modern-heading-primary\">Dokument jest wydawany przez Urz\u0105d Stanu Cywilnego na podstawie karty zgonu oraz dowodu osobistego osoby zmar\u0142ej (w przypadku osoby ma\u0142oletniej na podstawie metryki). Akt zgonu wydawany jest niezale\u017cnie od miejsca zamieszkania, we w\u0142a\u015bciwym USC, w pobli\u017cu miejsca nast\u0105pienia zgonu. Do wyrobienia aktu zgonu potrzebny jest tak\u017ce dow\u00f3d osobisty osoby wyrabiaj\u0105cej akt zgonu w USC.<\/h2><\/div>\n        <\/section>\t\t<\/div>\n\t\t\t\t<\/div>\n\t\t\t\t\t\t<\/div>\n\t\t\t\t\t<\/div>\n\t\t<\/div>\n\t\t\t\t<div class=\"aux-parallax-section elementor-column elementor-col-50 elementor-inner-column elementor-element elementor-element-67892f7 aux-appear-watch-animation aux-fade-in-right-1\" data-id=\"67892f7\" data-element_type=\"column\">\n\t\t\t<div class=\"elementor-column-wrap elementor-element-populated\">\n\t\t\t\t\t\t\t<div class=\"elementor-widget-wrap\">\n\t\t\t\t\t\t<div class=\"elementor-element elementor-element-0ebb02a elementor-position-left elementor-vertical-align-top elementor-widget elementor-widget-image-box\" data-id=\"0ebb02a\" data-element_type=\"widget\" data-widget_type=\"image-box.default\">\n\t\t\t\t<div class=\"elementor-widget-container\">\n\t\t\t<div class=\"elementor-image-box-wrapper\"><div class=\"elementor-image-box-content\"><h3 class=\"elementor-image-box-title\">Zasi\u0142ek pogrzebowy<\/h3><\/div><\/div>\t\t<\/div>\n\t\t\t\t<\/div>\n\t\t\t\t<div class=\"elementor-element elementor-element-6f2a047 elementor-widget elementor-widget-aux_modern_heading\" data-id=\"6f2a047\" data-element_type=\"widget\" data-widget_type=\"aux_modern_heading.default\">\n\t\t\t\t<div class=\"elementor-widget-container\">\n\t\t\t<section class=\"aux-widget-modern-heading\">\n            <div class=\"aux-widget-inner\"><h2 class=\"aux-modern-heading-primary\">Ka\u017cdej osobie ubezpieczonej przys\u0142uguje on w razie \u015bmierci. Jego kwota wynosi od marca 2011 roku 4000 z\u0142. Zasi\u0142ek pogrzebowy wyp\u0142acany jest osobie b\u0105d\u017a instytucji, kt\u00f3ra pokrywa koszty pogrzebu. Mo\u017ce by\u0107 to pracodawca, dom opieki spo\u0142ecznej, gmina i in. Dla wygody, formalno\u015bci wi\u0105\u017c\u0105ce si\u0119 ze zwrotem zasi\u0142ku, mog\u0105 zosta\u0107 za\u0142atwione przez zak\u0142ad pogrzebowy. Wszystkie koszty zwi\u0105zane z organizacj\u0105 pogrzebu bierze na siebie zak\u0142ad, na kt\u00f3rego konto wyp\u0142acany jest zasi\u0142ek. Po odj\u0119ciu nale\u017cno\u015bci, r\u00f3\u017cnica wyp\u0142acana jest rodzinie zmar\u0142ego, b\u0105d\u017a osobie, kt\u00f3ra organizowa\u0142a pogrzeb.<\/h2><\/div>\n        <\/section>\t\t<\/div>\n\t\t\t\t<\/div>\n\t\t\t\t\t\t<\/div>\n\t\t\t\t\t<\/div>\n\t\t<\/div>\n\t\t\t\t\t\t\t\t<\/div>\n\t\t\t\t\t<\/div>\n\t\t<\/section>\n\t\t\t\t\t\t<\/div>\n\t\t\t\t\t<\/div>\n\t\t<\/div>\n\t\t\t\t\t\t\t\t<\/div>\n\t\t\t\t\t<\/div>\n\t\t<\/section>\n\t\t\t\t\t\t\t\t\t<\/div>\n\t\t\t<\/div>\n\t\t\t\t\t<\/div>\n\t\t","protected":false},"excerpt":{"rendered":"<p>Poradnik w przypadku \u015bmierci bliskiego GDY ZGON NAST\u0104PI\u0141 W DOMU Nale\u017cy niezw\u0142ocznie powiadomi\u0107 lekarza rodzinnego. Lekarz, po ogl\u0119dzinach osoby zmar\u0142ej wydaje kart\u0119 zgonu. W przypadku \u015bmierci w niedziel\u0119, \u015bwi\u0119ta lub w godzinach nocnych, nale\u017cy powiadomi\u0107 lekarza Nocnej Pomocy Lekarskiej lub pogotowia pod numerami 999 ewentualnie 112 (z telefonu kom\u00f3rkowego). Po wizycie lekarza nast\u0119pn\u0105 czynno\u015bci\u0105 jest [&hellip;]<\/p>\n","protected":false},"author":1,"featured_media":0,"parent":0,"menu_order":0,"comment_status":"closed","ping_status":"closed","template":"","meta":{"footnotes":""},"class_list":["post-300","page","type-page","status-publish","hentry"],"yoast_head":"<!-- This site is optimized with the Yoast SEO plugin v20.10 - https:\/\/yoast.com\/wordpress\/plugins\/seo\/ -->\n<title>Poradnik - Us\u0142ugi Pogrzebowe Tuchola<\/title>\n<meta name=\"robots\" content=\"index, follow, max-snippet:-1, max-image-preview:large, max-video-preview:-1\" \/>\n<link rel=\"canonical\" href=\"https:\/\/pogrzebytuchola.pl\/index.php\/poradnik\/\" \/>\n<meta property=\"og:locale\" content=\"pl_PL\" \/>\n<meta property=\"og:type\" content=\"article\" \/>\n<meta property=\"og:title\" content=\"Poradnik - Us\u0142ugi Pogrzebowe Tuchola\" \/>\n<meta property=\"og:description\" content=\"Poradnik w przypadku \u015bmierci bliskiego GDY ZGON NAST\u0104PI\u0141 W DOMU Nale\u017cy niezw\u0142ocznie powiadomi\u0107 lekarza rodzinnego. Lekarz, po ogl\u0119dzinach osoby zmar\u0142ej wydaje kart\u0119 zgonu. W przypadku \u015bmierci w niedziel\u0119, \u015bwi\u0119ta lub w godzinach nocnych, nale\u017cy powiadomi\u0107 lekarza Nocnej Pomocy Lekarskiej lub pogotowia pod numerami 999 ewentualnie 112 (z telefonu kom\u00f3rkowego). Po wizycie lekarza nast\u0119pn\u0105 czynno\u015bci\u0105 jest [&hellip;]\" \/>\n<meta property=\"og:url\" content=\"https:\/\/pogrzebytuchola.pl\/index.php\/poradnik\/\" \/>\n<meta property=\"og:site_name\" content=\"Us\u0142ugi Pogrzebowe Tuchola\" \/>\n<meta property=\"article:publisher\" content=\"https:\/\/www.facebook.com\/people\/Zakad-Pogrzebowy-PK-w-Tucholi\/100068786793286\/\" \/>\n<meta property=\"article:modified_time\" content=\"2023-04-25T16:25:27+00:00\" \/>\n<meta name=\"twitter:card\" content=\"summary_large_image\" \/>\n<meta name=\"twitter:label1\" content=\"Szacowany czas czytania\" \/>\n\t<meta name=\"twitter:data1\" content=\"2 minuty\" \/>\n<script type=\"application\/ld+json\" class=\"yoast-schema-graph\">{\"@context\":\"https:\/\/schema.org\",\"@graph\":[{\"@type\":\"WebPage\",\"@id\":\"https:\/\/pogrzebytuchola.pl\/index.php\/poradnik\/\",\"url\":\"https:\/\/pogrzebytuchola.pl\/index.php\/poradnik\/\",\"name\":\"Poradnik - Us\u0142ugi Pogrzebowe Tuchola\",\"isPartOf\":{\"@id\":\"https:\/\/pogrzebytuchola.pl\/#website\"},\"datePublished\":\"2023-04-25T16:14:14+00:00\",\"dateModified\":\"2023-04-25T16:25:27+00:00\",\"breadcrumb\":{\"@id\":\"https:\/\/pogrzebytuchola.pl\/index.php\/poradnik\/#breadcrumb\"},\"inLanguage\":\"pl-PL\",\"potentialAction\":[{\"@type\":\"ReadAction\",\"target\":[\"https:\/\/pogrzebytuchola.pl\/index.php\/poradnik\/\"]}]},{\"@type\":\"BreadcrumbList\",\"@id\":\"https:\/\/pogrzebytuchola.pl\/index.php\/poradnik\/#breadcrumb\",\"itemListElement\":[{\"@type\":\"ListItem\",\"position\":1,\"name\":\"Strona g\u0142\u00f3wna\",\"item\":\"https:\/\/pogrzebytuchola.pl\/\"},{\"@type\":\"ListItem\",\"position\":2,\"name\":\"Poradnik\"}]},{\"@type\":\"WebSite\",\"@id\":\"https:\/\/pogrzebytuchola.pl\/#website\",\"url\":\"https:\/\/pogrzebytuchola.pl\/\",\"name\":\"Us\u0142ugi Pogrzebowe Tuchola - Zak\u0142ad Pogrzebowy PK\",\"description\":\"\",\"publisher\":{\"@id\":\"https:\/\/pogrzebytuchola.pl\/#organization\"},\"potentialAction\":[{\"@type\":\"SearchAction\",\"target\":{\"@type\":\"EntryPoint\",\"urlTemplate\":\"https:\/\/pogrzebytuchola.pl\/?s={search_term_string}\"},\"query-input\":\"required name=search_term_string\"}],\"inLanguage\":\"pl-PL\"},{\"@type\":\"Organization\",\"@id\":\"https:\/\/pogrzebytuchola.pl\/#organization\",\"name\":\"Us\u0142ugi Pogrzebowe Tuchola - Zak\u0142ad Pogrzebowy PK\",\"url\":\"https:\/\/pogrzebytuchola.pl\/\",\"logo\":{\"@type\":\"ImageObject\",\"inLanguage\":\"pl-PL\",\"@id\":\"https:\/\/pogrzebytuchola.pl\/#\/schema\/logo\/image\/\",\"url\":\"https:\/\/pogrzebytuchola.pl\/wp-content\/uploads\/2023\/04\/2.png\",\"contentUrl\":\"https:\/\/pogrzebytuchola.pl\/wp-content\/uploads\/2023\/04\/2.png\",\"width\":500,\"height\":500,\"caption\":\"Us\u0142ugi Pogrzebowe Tuchola - Zak\u0142ad Pogrzebowy PK\"},\"image\":{\"@id\":\"https:\/\/pogrzebytuchola.pl\/#\/schema\/logo\/image\/\"},\"sameAs\":[\"https:\/\/www.facebook.com\/people\/Zakad-Pogrzebowy-PK-w-Tucholi\/100068786793286\/\"]}]}<\/script>\n<!-- \/ Yoast SEO plugin. -->","yoast_head_json":{"title":"Poradnik - Us\u0142ugi Pogrzebowe Tuchola","robots":{"index":"index","follow":"follow","max-snippet":"max-snippet:-1","max-image-preview":"max-image-preview:large","max-video-preview":"max-video-preview:-1"},"canonical":"https:\/\/pogrzebytuchola.pl\/index.php\/poradnik\/","og_locale":"pl_PL","og_type":"article","og_title":"Poradnik - Us\u0142ugi Pogrzebowe Tuchola","og_description":"Poradnik w przypadku \u015bmierci bliskiego GDY ZGON NAST\u0104PI\u0141 W DOMU Nale\u017cy niezw\u0142ocznie powiadomi\u0107 lekarza rodzinnego. Lekarz, po ogl\u0119dzinach osoby zmar\u0142ej wydaje kart\u0119 zgonu. W przypadku \u015bmierci w niedziel\u0119, \u015bwi\u0119ta lub w godzinach nocnych, nale\u017cy powiadomi\u0107 lekarza Nocnej Pomocy Lekarskiej lub pogotowia pod numerami 999 ewentualnie 112 (z telefonu kom\u00f3rkowego). Po wizycie lekarza nast\u0119pn\u0105 czynno\u015bci\u0105 jest [&hellip;]","og_url":"https:\/\/pogrzebytuchola.pl\/index.php\/poradnik\/","og_site_name":"Us\u0142ugi Pogrzebowe Tuchola","article_publisher":"https:\/\/www.facebook.com\/people\/Zakad-Pogrzebowy-PK-w-Tucholi\/100068786793286\/","article_modified_time":"2023-04-25T16:25:27+00:00","twitter_card":"summary_large_image","twitter_misc":{"Szacowany czas czytania":"2 minuty"},"schema":{"@context":"https:\/\/schema.org","@graph":[{"@type":"WebPage","@id":"https:\/\/pogrzebytuchola.pl\/index.php\/poradnik\/","url":"https:\/\/pogrzebytuchola.pl\/index.php\/poradnik\/","name":"Poradnik - Us\u0142ugi Pogrzebowe Tuchola","isPartOf":{"@id":"https:\/\/pogrzebytuchola.pl\/#website"},"datePublished":"2023-04-25T16:14:14+00:00","dateModified":"2023-04-25T16:25:27+00:00","breadcrumb":{"@id":"https:\/\/pogrzebytuchola.pl\/index.php\/poradnik\/#breadcrumb"},"inLanguage":"pl-PL","potentialAction":[{"@type":"ReadAction","target":["https:\/\/pogrzebytuchola.pl\/index.php\/poradnik\/"]}]},{"@type":"BreadcrumbList","@id":"https:\/\/pogrzebytuchola.pl\/index.php\/poradnik\/#breadcrumb","itemListElement":[{"@type":"ListItem","position":1,"name":"Strona g\u0142\u00f3wna","item":"https:\/\/pogrzebytuchola.pl\/"},{"@type":"ListItem","position":2,"name":"Poradnik"}]},{"@type":"WebSite","@id":"https:\/\/pogrzebytuchola.pl\/#website","url":"https:\/\/pogrzebytuchola.pl\/","name":"Us\u0142ugi Pogrzebowe Tuchola - Zak\u0142ad Pogrzebowy PK","description":"","publisher":{"@id":"https:\/\/pogrzebytuchola.pl\/#organization"},"potentialAction":[{"@type":"SearchAction","target":{"@type":"EntryPoint","urlTemplate":"https:\/\/pogrzebytuchola.pl\/?s={search_term_string}"},"query-input":"required name=search_term_string"}],"inLanguage":"pl-PL"},{"@type":"Organization","@id":"https:\/\/pogrzebytuchola.pl\/#organization","name":"Us\u0142ugi Pogrzebowe Tuchola - Zak\u0142ad Pogrzebowy PK","url":"https:\/\/pogrzebytuchola.pl\/","logo":{"@type":"ImageObject","inLanguage":"pl-PL","@id":"https:\/\/pogrzebytuchola.pl\/#\/schema\/logo\/image\/","url":"https:\/\/pogrzebytuchola.pl\/wp-content\/uploads\/2023\/04\/2.png","contentUrl":"https:\/\/pogrzebytuchola.pl\/wp-content\/uploads\/2023\/04\/2.png","width":500,"height":500,"caption":"Us\u0142ugi Pogrzebowe Tuchola - Zak\u0142ad Pogrzebowy PK"},"image":{"@id":"https:\/\/pogrzebytuchola.pl\/#\/schema\/logo\/image\/"},"sameAs":["https:\/\/www.facebook.com\/people\/Zakad-Pogrzebowy-PK-w-Tucholi\/100068786793286\/"]}]}},"_links":{"self":[{"href":"https:\/\/pogrzebytuchola.pl\/index.php\/wp-json\/wp\/v2\/pages\/300","targetHints":{"allow":["GET"]}}],"collection":[{"href":"https:\/\/pogrzebytuchola.pl\/index.php\/wp-json\/wp\/v2\/pages"}],"about":[{"href":"https:\/\/pogrzebytuchola.pl\/index.php\/wp-json\/wp\/v2\/types\/page"}],"author":[{"embeddable":true,"href":"https:\/\/pogrzebytuchola.pl\/index.php\/wp-json\/wp\/v2\/users\/1"}],"replies":[{"embeddable":true,"href":"https:\/\/pogrzebytuchola.pl\/index.php\/wp-json\/wp\/v2\/comments?post=300"}],"version-history":[{"count":10,"href":"https:\/\/pogrzebytuchola.pl\/index.php\/wp-json\/wp\/v2\/pages\/300\/revisions"}],"predecessor-version":[{"id":310,"href":"https:\/\/pogrzebytuchola.pl\/index.php\/wp-json\/wp\/v2\/pages\/300\/revisions\/310"}],"wp:attachment":[{"href":"https:\/\/pogrzebytuchola.pl\/index.php\/wp-json\/wp\/v2\/media?parent=300"}],"curies":[{"name":"wp","href":"https:\/\/api.w.org\/{rel}","templated":true}]}}